55?
5, 22111
What are the prime factors of 13832455?
5, 7, 13, 43, 101
List the prime factors of 2687449.
257, 10457
List the prime factors of 2130702.
2, 3, 7, 97, 523
What are the prime factors of 30745392?
2, 3, 640529
List the prime factors of 1762060.
2, 5, 19, 4637
What are the prime factors of 3570656?
2, 241, 463
What are the prime factors of 8141555?
5, 17, 95783
What are the prime factors of 283462?
2, 141731
What are the prime factors of 16508429?
7, 211, 11177
What are the prime factors of 194260?
2, 5, 11, 883
What are the prime factors of 422110?
2, 5, 13, 17, 191
List the prime factors of 4762964.
2, 31, 71, 541
List the prime factors of 833325.
3, 5, 41, 271
What are the prime factors of 6210917?
307, 20231
List the prime factors of 636129.
3, 13, 5437
What are the prime factors of 1764285?
3, 5, 117619
What are the prime factors of 2647153?
59, 44867
What are the prime factors of 404281?
109, 3709
What are the prime factors of 1563458?
2, 13, 60133
What are the prime factors of 1257643?
17, 29, 2551
What are the prime factors of 151593?
3, 13, 23
List the prime factors of 670911.
3, 223637
List the prime factors of 194994.
2, 3, 23, 157
List the prime factors of 528772.
2, 163, 811
List the prime factors of 27098833.
17, 1594049
What are the prime factors of 1116177?
3, 372059
What are the prime factors of 60829?
59, 1031
What are the prime factors of 23207661?
3, 67, 12829
List the prime factors of 1260322.
2, 7, 90023
List the prime factors of 2111118.
2, 3, 331, 1063
What are the prime factors of 1138316?
2, 23, 12373
What are the prime factors of 60041?
60041
List the prime factors of 146477.
146477
What are the prime factors of 13339224?
2, 3, 185267
List the prime factors of 7144255.
5, 1428851
What are the prime factors of 1098365?
5, 23, 9551
List the prime factors of 264046.
2, 47, 53
What are the prime factors of 3768544?
2, 13, 9059
What are the prime factors of 13766507?
19, 724553
What are the prime factors of 26442529?
47, 562607
List the prime factors of 879127.
461, 1907
List the prime factors of 9154625.
5, 73237
List the prime factors of 3192248.
2, 399031
What are the prime factors of 890103?
3, 17, 31, 563
What are the prime factors of 3709054?
2, 1854527
List the prime factors of 56666.
2, 29, 977
What are the prime factors of 3424906?
2, 61, 67, 419
List the prime factors of 2597931.
3, 7, 43, 137
What are the prime factors of 1077752?
2, 13, 43, 241
List the prime factors of 407865.
3, 5, 27191
What are the prime factors of 5747598?
2, 3, 17, 2087
What are the prime factors of 5294438?
2, 983, 2693
What are the prime factors of 1503649?
7, 214807
List the prime factors of 1153078.
2, 576539
What are the prime factors of 29417708?
2, 7354427
What are the prime factors of 13230597?
3, 4410199
List the prime factors of 33934472.
2, 11, 13, 29663
List the prime factors of 7502171.
7502171
What are the prime factors of 2777993?
2777993
What are the prime factors of 405328?
2, 7, 11, 47
What are the prime factors of 557742?
2, 3, 92957
What are the prime factors of 1379085?
3, 5, 91939
What are the prime factors of 100777?
179, 563
List the prime factors of 531535.
5, 106307
List the prime factors of 595508.
2, 53
List the prime factors of 953439.
3, 19, 43, 389
What are the prime factors of 1945810?
2, 5, 194581
List the prime factors of 2293503.
3, 764501
List the prime factors of 299739.
3, 11, 31, 293
What are the prime factors of 2647967?
7, 23, 16447
What are the prime factors of 6117568?
2, 61, 1567
What are the prime factors of 7879788?
2, 3, 7, 1489
What are the prime factors of 20645358?
2, 3, 3440893
What are the prime factors of 220302?
2, 3, 12239
What are the prime factors of 10753?
10753
What are the prime factors of 228499?
83, 2753
List the prime factors of 229113.
3, 25457
What are the prime factors of 4494804?
2, 3, 463, 809
List the prime factors of 466155.
3, 5, 1151
What are the prime factors of 128958?
2, 3, 21493
List the prime factors of 1152632.
2, 13, 11083
List the prime factors of 1384780.
2, 5, 69239
What are the prime factors of 277879?
7, 53, 107
What are the prime factors of 22684?
2, 53, 107
What are the prime factors of 4317488?
2, 7, 5507
What are the prime factors of 2493596?
2, 7, 89057
What are the prime factors of 29781063?
3, 13, 331, 769
What are the prime factors of 8415?
3, 5, 11, 17
What are the prime factors of 447157?
43, 10399
What are the prime factors of 3908622?
2, 3, 651437
What are the prime factors of 6893917?
6893917
What are the prime factors of 756518?
2, 7, 54037
What are the prime factors of 2499175?
5, 7, 14281
List the prime factors of 69926.
2, 34963
List the prime factors of 4764805.
5, 151, 6311
List the prime factors of 2522992.
2, 137, 1151
What are the prime factors of 21989160?
2, 3, 5, 17, 3593
What are the prime factors of 1544251?
401, 3851
What are the prime factors of 109521?
3, 43, 283
List the prime factors of 19716412.
2, 37, 101, 1319
What are the prime factors of 789096?
2, 3, 7, 11, 61
What are the prime factors of 298277?
7, 42611
List the prime factors of 2515603.
2515603
What are the prime factors of 667263?
3, 97, 2293
List the prime factors of 463559.
71, 6529
List the prime factors of 293027.
7, 41, 1021
What are the prime factors of 899849?
899849
What are the prime factors of 198477?
3, 7351
List the prime factors of 3506238.
2, 3, 41, 4751
What are the prime factors of 47694?
2, 3, 7949
What are the prime factors of 145986?
2, 3, 29, 839
What are the prime factors of 56797?
13, 17, 257
What are the prime factors of 2762200?
2, 5, 7, 1973
List the prime factors of 821432.
2, 102679
List the prime factors of 3324059.
163, 20393
List the prime factors of 28532777.
7, 13, 89, 271
What are the prime factors of 695205?
3, 5, 7, 2207
List the prime factors of 5052704.
2, 157897
What are the prime factors of 256543?
7, 67, 547
List the prime factors of 6037034.
2, 3018517
List the prime factors of 4449854.
2, 71, 31337
List the prime factors of 2699072.
2, 181, 233
What are the prime factors of 403683?
3, 7, 47, 409
What are the prime factors of 1899269?
59, 32191
What are the prime factors of 3088511?
47, 65713
List the prime factors of 283798.
2, 17, 491
What are the prime factors of 8712258?
2, 3, 73, 19891
What are the prime factors of 2014293?
3, 671431
What are the prime factors of 54805?
5, 97, 113
What are the prime factors of 508369?
23, 31
What are the prime factors of 10297312?
2, 83, 3877
List the prime factors of 23917824.
2, 3, 7, 1483
List the prime factors of 320618.
2, 160309
What are the prime factors of 3215828?
2, 7, 11, 53, 197
List the prime factors of 2286102.
2, 3, 7, 13, 53, 79
What are the prime factors of 283150?
2, 5, 7, 809
What are the prime factors of 470730?
2, 3, 5, 13, 17, 71
What are the prime factors of 1271788?
2, 7, 53, 857
List the prime factors of 1415332.
2, 353833
What are the prime factors of 1341344?
2, 167, 251
List the prime factors of 1488116.
2, 7, 53147
What are the prime factors of 10801862?
2, 29, 186239
List the prime factors of 2687960.
2, 5, 11, 41, 149
What are the prime factors of 11750985?
3, 5, 223, 1171
What are the prime factors of 2038747?
2038747
List the prime factors of 24241.
7, 3463
What are the prime factors of 1800900?
2, 3, 5, 23, 29
List the prime factors of 1919464.
2, 239933
List the prime factors of 1132721.
1132721
List the prime factors of 841488.
2, 3, 47, 373
List the prime factors of 3656227.
19, 199, 967
List the prime factors of 4293565.
5, 858713
List the prime factors of 266938.
2, 7, 23, 829
What are the prime factors of 220703?
7, 41, 769
List the prime factors of 272540.
2, 5, 13627
List the prime factors of 44614.
2, 22307
What are the prime factors of 4386298?
2, 7, 313307
List the prime factors of 4784109.
3, 11, 144973
What are the prime factors of 7375624?
2, 103, 8951
List the prime factors of 12783401.
12783401
What are the prime factors of 370009?
370009
What are the prime factors of 183802?
2, 29, 3169
List the prime factors of 767586.
2, 3, 127931
List the prime factors of 14041586.
2, 13, 540061
List the prime factors of 196986.
2, 3, 32831
List the prime factors of 570340.
2, 5, 28517
What are the prime factors of 4134975?
3, 5, 13